.
2
Let y = -13 + 7. Let i = 8 + y. Let r(u) = -u + 1 + 4*u + u**i + 6*u**3 - 5*u. What is r(1)?
6
Let c(q) = -3*q - 1. Let i = 20 + -17. Let w be 1/i - 14/6. Give c(w).
5
Let z(n) = -n**2 + 4*n + 7. Let f be z(5). Let s(o) be the third derivative of -1/6*o**3 + 1/24*o**4 + 1/30*o**5 + 0 + 0*o + 2*o**2. Determine s(f).
9
Let k(b) be the first derivative of b**3/3 + b**2 - 3*b - 4. Let f = -17 - -13. Give k(f).
5
Let f(b) = -b**2 + 8*b + 1. Let m be f(7). Let n = -3 + m. Let h(o) = -7 - 5*o**2 + 0*o**2 + 1 + 3*o + o**3. Calculate h(n).
9
Let c(d) be the first derivative of -3*d**4/4 - d**3/3 + d**2 - d + 2. Suppose -44 = -2*q - 0*q. Suppose 5*j + 24 = -f, 0*j - 5*j - q = 3*f. Determine c(f).
-3
Let f(r) = -r**3 + 6*r**2 + 7*r - 5. Suppose 2*g = -2*u - 2, 4*u + 2*g + 4 = -0*g. Let b be (-20 + -1)*u/3. What is f(b)?
-5
Let z(p) = 3*p - 6*p**2 - p**3 + 4*p - 6 + p**2. Calculate z(-6).
-12
Let h(o) = o**3 - 10*o**2 - 4. Let f(a) = 2*a**3 - 19*a**2 - 8. Let y(l) = 6*f(l) - 11*h(l). Let p be (-1 - -4)/((-6)/(-8)). Calculate y(p).
-4
Let s(q) be the second derivative of q**3/6 - 5*q**2/2 - 5*q. Determine s(4).
-1
Let s(o) = -3*o**2 + 4*o + 1. Let q(k) = -11*k**2 + 17*k + 4. Let r(u) = -2*q(u) + 9*s(u). Calculate r(-2).
-23
Let u(o) = -o - 7. Let w(t) = -t**3 + 4*t**2 - 2*t - 3. Let g be w(3). Suppose 2*m - 12 + 4 = g. Suppose 2*y = m, 4*z + 0*y = 2*y - 4. Determine u(z).
-7
Let n(q) = -2*q**3 + 4*q**2 - q - 2. Suppose g - 4*x - x - 18 = 0, -5*g + 3*x = 20. Let w be (-1)/((g/(-2))/(-7)). What is n(w)?
-4
Suppose -s - 4 = -2*s. Let p = -2 + s. Suppose 5*q = -2*l - 22, -3*l + q = -p*l - 3. Let z(b) = 4*b + 1. Calculate z(l).
-3
Let p be (-546)/70 - 1/5. Let q(a) = a**3 + 9*a**2 + 6*a - 9. Calculate q(p).
7
Let p(i) = 5*i**2. Let l = -145 - -146. Give p(l).
5
Let y = 15 - 8. Let o(r) = -y + 6 - 4*r**3 + r**2 + 1. What is o(1)?
-3
Let y(d) be the third derivative of d**6/120 + d**5/20 - 7*d**4/24 - d**3 + 7*d**2. Determine y(-4).
6
Let c(x) = -1. Let d(a) = 2*a - 8. Let p(r) = -c(r) + d(r). Determine p(7).
7
Let d(h) be the second derivative of -h**3/6 + h**2 - h + 27. Calculate d(3).
-1
Let l(s) = -13*s**3 + 28*s**2 - 25*s - 24. Let p(u) = -3*u**3 + 7*u**2 - 6*u - 6. Let o(z) = 2*l(z) - 9*p(z). What is o(6)?
-6
Let s(p) = -p**3 - 7*p**2 + 8*p - 6. Let h be s(-8). Let k(x) = -3 + 0*x**2 - 7*x - 2*x**2 + x**2. Determine k(h).
3
Let a(n) = n - 4. Let o(r) = 3*r**2 + 2*r - 1. Let i be o(-2). Determine a(i).
3
Let l(r) = -r**2 + 2*r + 4. Let c(f) = -f**3 - 4*f**2 - 3*f + 4. Let p be c(-3). Let x be l(p). Let v(j) = -j**2 - 4*j. What is v(x)?
0
Let g(s) = -6*s**3. Suppose n + p + 1 = -2, 3*p - 7 = 5*n. Let i be -5*(n/10 - 0). What is g(i)?
-6
Let l(a) = a - 3. Let b = 22 - 20. Suppose 2*j - 6 = -2*g, -b*j = 7 - 3. Calculate l(g).
2
Suppose -2*r = 3*r - 20. Suppose 0 = 2*q + 3*z - 16, 5*q + 2*z + 6 = 35. Let v(l) = -2*l - l**2 - l + 9*l - q. Give v(r).
3
Suppose -3*w + 31 = 4*r, 4*r - 41 = -2*w - 3*w. Let k(b) = -3*b**2 + 3*b**2 - 2*b - b**2 + w. Let j(l) = -2*l**3 + 2*l**2 + 2*l - 1. Let t be j(2). Give k(t).
-10
Let h(s) = -4*s**2 + 2*s - 1. Let f be h(1). Let o(q) = 4*q + 1. Suppose -3*j = -4 - 5. Let n(z) = -4*z. Let k(x) = j*o(x) + 2*n(x). Determine k(f).
-9
Let w(i) be the second derivative of -i**4/12 + i**3/2 + 2*i**2 + i. Let g = 7 - 4. What is w(g)?
4
Let f(c) be the second derivative of c**3/3 + c. Suppose 0 = -z + 3*z - 5*r - 19, 3*z + 3*r - 18 = 0. Suppose 8*b - z*b = -2. Determine f(b).
-4
Let t(b) = -5 - b - 5*b + 5*b**2 + b**3 + 1 - 4. Give t(-6).
-8
Let m(w) = -w - 4. Suppose -4*v + 2*v = -12. Determine m(v).
-10
Let c = -157 - -153. Let x(r) = r**2 + 4*r + 5. Give x(c).
5
Let m(s) be the first derivative of 9 - 7/3*s**3 + 3*s**2 + 7*s + 1/4*s**4. Calculate m(5).
-13
Let y(b) = 2*b + 6. Let q = -8 + 10. Let w = q + -6. What is y(w)?
-2
Let s(p) = -p**3 - 2*p**2 - 2*p. Suppose 17*v = 6 - 40. What is s(v)?
4
Let v(d) = -d**2 + 2*d + 5. Suppose -5*g - 5*m - 3 = -8, 5*g - 2*m = 26. Calculate v(g).
-3
Let v(q) = -q**2 + 7*q + 3. Suppose -4*k + 3*k - 4 = 0, -3*k = 2*g + 14. Let j be 2*(g - 3)/(-1). Determine v(j).
-5
Suppose -4*w = -0*t + 5*t + 20, 0 = -2*t - 8. Suppose -3*u + 5*k = 2, 18 = u + 3*k - w. Let c(q) = -q**2 + 5*q. Determine c(u).
-6
Let d(j) = 3*j**2 - 5*j + 4. Let k(w) = -2*w**2 + 3*w - 2. Let b(n) = 3*d(n) + 5*k(n). Calculate b(-2).
-2
Let q(a) be the third derivative of -a**5/60 + a**4/12 - 2*a**3/3 + 19*a**2. Give q(4).
-12
Let q(t) = t - 6. Let d be (9/(-2))/(-9)*0. Give q(d).
-6
Let k(p) = p**3 - 6*p**2 + 4*p. Let h be k(5). Let i(y) = 11*y + 3 + 7 - 10*y. What is i(h)?
5
Let d(c) = -c**2 - 10*c + 2. Let s be d(-10). Let x(m) = s*m + 5 - 5 - m**2 + 1 + 2. Let b = -5 - -3. Calculate x(b).
-5
Let o(d) = 3*d - 3. Let b(l) = -13*l + 13. Let g(i) = 2*b(i) + 9*o(i). Suppose 3 = -2*r + 7. What is g(r)?
1
Let q(a) = 5*a - 1. Suppose 0 = -5*n + y + 8, 3*n - 3*y + 12 = 6*n. Let t = -6 - -8. Suppose n*w - t = -0*w. Give q(w).
4
Let q(o) = 0*o**2 + 350*o**3 - 351*o**3 + o - o**2. Determine q(1).
-1
Let g(m) = -m + 2. Let x be g(0). Let u(n) = 6 + 6*n**2 - n**3 - x*n + 0*n - 2*n - n. Determine u(5).
6
Let y(w) be the second derivative of -w**3/6 - 3*w**2 + 6*w. Give y(0).
-6
Suppose 0 = k - 1 - 1. Suppose -a - 2*q = -k, 0*a + 3 = a + q. Let v(f) = -f**2 + 2*f**2 + 4 - 2*f - 2 - 2*f. Determine v(a).
2
Let i = 79 + -84. Let z(c) = -c**2 - 5*c - 5. Determine z(i).
-5
Suppose 15 = k - 0*k. Suppose -4*v - k = 1, -11 = -j + 3*v. Let d(r) = 4*r + 1. Calculate d(j).
-3
Let n = -11 - -19. Let l be 1/4 - (-118)/n. Suppose 0*x = 5*x - l. Let q(r) = -3*r + 3. Calculate q(x).
-6
Suppose -3*w - 18 = 2*g, -4*w + 5 = -3*g - 3*w. Let m(t) = 2*t + 1. Calculate m(g).
-5
Let v(a) = a**3 - 4*a**2. Let q be v(4). Let r(d) be the third derivative of d**5/60 - d**4/24 - d**3/2 - 4*d**2. Calculate r(q).
-3
Let y(i) = 5 - 4*i**2 - 10 - i**3 + 2*i**3 + 2*i + 1. Calculate y(4).
4
Let k(r) be the second derivative of 0 + 1/2*r**3 + 2*r**2 + 3*r. Calculate k(-5).
-11
Let s(a) = a**2 + a - 3. Suppose 4*g = -2*x + 18, 5*x = g - 2*g + 9. Suppose -5 = 3*f + g. Give s(f).
3
Let r(k) = k + 2. Suppose 5*z - 19 = -3*v + 14, 0 = -2*z + v + 11. Give r(z).
8
Let w(s) = 2*s - 9. Let u be (-3)/(-1) - (-20 - 1). Suppose 0*j + 4*j = u. Give w(j).
3
Let m = -12 + 13. Let i(l) = 13*l. What is i(m)?
13
Let m(p) = 21*p**3 - 4*p**2 + 2*p + 5. Let x(i) = -11*i**3 + 2*i**2 - i - 3. Let v(n) = -3*m(n) - 5*x(n). What is v(1)?
-7
Suppose t - 12 = -8. Let k(u) = u**2 - u - 5. What is k(t)?
7
Let p = 9 - 4. Suppose 5*q = v - 4*v - 40, -2*v = p*q + 35. Let c(d) = -d - 1. Let m(x) = x. Let a(k) = -6*c(k) - 5*m(k). Give a(q).
1
Let c be 6/(-4)*(-44)/(-33). Let k(i) = i. What is k(c)?
-2
Let z(t) = -t**3 - 8*t**2 + t. Let w = -90 - -82. Give z(w).
-8
Suppose -z = 3*z - 20. Let m = -7 + 10. Let v(j) = j - z + 3 - j**3 + j + m*j**2. Calculate v(3).
4
Suppose 16 = h + 3*h. Let v(w) be the first derivative of w**3/3 - w**2/2 - 3*w + 1. Calculate v(h).
9
Let s(t) = -t**2 - 6*t + 3. Let x(n) = n**3 + 9*n**2 + 9*n + 2. Let l be x(-8). Calculate s(l).
3
Let q(s) = -s**3 + 6*s**2 + 5*s + 10. Let d(m) = m**2 + 10*m - 49. Let v be d(-14). What is q(v)?
-4
Let z(g) = -g**2 + g. Suppose -21 - 1 = 11*i. What is z(i)?
-6
Let b(y) = -3*y**2 - 4*y - 2. Suppose 5*r - 8 = -18. Determine b(r).
-6
Let c be (3/(-2))/((-5)/10). Let n be 0/(-1*(c + 0)). Suppose n = -2*g - g + 9. Let x(b) = b**3 - 2*b**2 - 4. What is x(g)?
5
Let f(m) = m**3 - 5*m**2 - 6*m - 2. Suppose 3*l = 4*p + 8 - 3, -4*l = -4*p. Let y = 23 + -22. Let a(q) = -q. Let d(j) = l*a(j) + y*f(j). Calculate d(5).
-7
Let v(s) = -s - 1. Suppose 5*c + 7 = g, 4*g + 10 = 5*c - 4*c. Let a(h) = h**2 + 3*h + 6. Let i be a(g). Give v(i).
-7
Let m(f) = -17*f**3 - 4*f + 27*f**3 + 3*f. What is m(1)?
9
Let y(c) = c**3 - 6*c**2 + c - 1. Suppose -3*g = -2*g - 6. Let m be y(g). Suppose -z = -2*z + m. Let w(i) = -2*i + 2. Give w(z).
-8
Let t(z) = -2*z**2 + 2. Suppose -2*u = 82 - 86. Determine t(u).
-6
Suppose -y + 5 = 4*y. Let u(o) be the third derivative of 0*o**5 + 0 + 0*o - 1/6*o**3 + 0*o**4 - 3*o**2 + 1/24*o**6. Calculate u(y).
4
Let u(v) be the second derivative of v**5/20 + v**4/6 + v**3/6 + v**2/2 - 10*v. Determine u(-2).
-1
Let a be ((-1)/(-1) - 3)*-1. Let j be a/(-6) + 1